{"id":941,"date":"2021-05-03T14:56:26","date_gmt":"2021-05-03T14:56:26","guid":{"rendered":"https:\/\/mddmontserrat.com\/?page_id=941"},"modified":"2022-07-28T11:57:35","modified_gmt":"2022-07-28T11:57:35","slug":"qui-som","status":"publish","type":"page","link":"https:\/\/mddmontserrat.com\/ca\/qui-som\/","title":{"rendered":"Qui som"},"content":{"rendered":"<div class=\"wpb-content-wrapper\"><p>[vc_row css_animation=&#8221;element_from_bottom&#8221; row_type=&#8221;row&#8221; use_row_as_full_screen_section=&#8221;no&#8221; type=&#8221;grid&#8221; angled_section=&#8221;no&#8221; text_align=&#8221;left&#8221; background_image_as_pattern=&#8221;without_pattern&#8221; z_index=&#8221;&#8221;][vc_column][vc_empty_space height=&#8221;60&#8243;][vc_column_text]<\/p>\n<h1 style=\"text-align: center;\"><span style=\"color: #684734;\"><strong>Qui som<\/strong><\/span><\/h1>\n<p>[\/vc_column_text][vc_separator type=&#8221;small&#8221; position=&#8221;center&#8221; color=&#8221;#684734&#8243; thickness=&#8221;1,5&#8243; width=&#8221;20&#8243;][\/vc_column][\/vc_row][vc_row css_animation=&#8221;&#8221; row_type=&#8221;row&#8221; use_row_as_full_screen_section=&#8221;no&#8221; type=&#8221;full_width&#8221; angled_section=&#8221;no&#8221; text_align=&#8221;left&#8221; background_image_as_pattern=&#8221;without_pattern&#8221; z_index=&#8221;&#8221;][vc_column][vc_empty_space height=&#8221;60px&#8221;][vc_column_text css=&#8221;.vc_custom_1641392296640{margin-right: 80px !important;margin-left: 80px !important;}&#8221;]<\/p>\n<p style=\"text-align: center;\"><strong><span style=\"color: #684734;\">No saps quina resid\u00e8ncia escollir a Barcelona?<\/span><\/strong> Et guiarem perqu\u00e8 puguis\u00a0 prendre la decisi\u00f3 adequada. Nosaltres t&#8217;ajudarem a fer que el teu familiar tingui les millors cures i les millors atencions m\u00e8diques possibles. A la\u00a0 <strong><span style=\"color: #684734;\">Resid\u00e8ncia Mare de D\u00e9u de Montserrat<\/span><\/strong> trobar\u00e0s el suport que realment necessites.<\/p>\n<p>&nbsp;<\/p>\n<p>Podr\u00e0s tenir la tranquil\u00b7litat que el teu familiar est\u00e0 a les millors mans possibles, ja que m\u00e9s de\u00a0<span class=\"hiddenGreenError\">30<\/span> anys dedicats a cuidar persones ens avalen. Durant tot aquest temps, ens hem convertit en veritables referents quant a l&#8217;<span class=\"hiddenSpellError\">ACP<\/span>\u00a0de veritat (Atenci\u00f3 Centrada a la Persona). Per descomptat, el nostre objectiu \u00e9s arribar all\u00e0 on la depend\u00e8ncia ho posa dif\u00edcil. A m\u00e9s, la nostra mida juga a favor de la salut del teu familiar, ja que, com s&#8217;ha pogut demostrar a Barcelona, \u200b\u200buna resid\u00e8ncia m\u00e9s redu\u00efda i familiar permet un major control i atenci\u00f3 personalitzada per a la persona que ha de rebre la cura necess\u00e0ria.<\/p>\n<p>&nbsp;<\/p>\n<p>Evidentment, la cura dels nostres usuaris ha de ser una tasca global, que inclogui tamb\u00e9 els seus familiars i la seva economia. Per aix\u00f2, posem a la teva disposici\u00f3 un ampli ventall de possibilitats de finan\u00e7ament de la pla\u00e7a.<\/p>\n<p>&nbsp;<\/p>\n<p><strong><span style=\"color: #684734;\">Fa\u00a0<span class=\"hiddenGreenError\">30<\/span>\u00a0anys que portem a terme l&#8217;<span class=\"hiddenSpellError\">ACP<\/span>\u00a0(Atenci\u00f3 Centrada a la Persona) amb tots els nostres usuaris i els seus familiars. La vostra salut i satisfacci\u00f3 \u00e9s la nostra ra\u00f3 de ser.<\/span><\/strong>[\/vc_column_text][vc_empty_space height=&#8221;60px&#8221;][\/vc_column][\/vc_row][vc_row css_animation=&#8221;element_from_bottom&#8221; row_type=&#8221;row&#8221; use_row_as_full_screen_section=&#8221;no&#8221; type=&#8221;full_width&#8221; angled_section=&#8221;no&#8221; text_align=&#8221;left&#8221; background_image_as_pattern=&#8221;without_pattern&#8221; z_index=&#8221;&#8221;][vc_column][vc_column_text css=&#8221;.vc_custom_1641383208673{margin-right: 80px !important;margin-left: 80px !important;}&#8221;]<\/p>\n<h2 style=\"text-align: center;\"><span style=\"color: #684734;\">El nostre equip<\/span><\/h2>\n<p>[\/vc_column_text][vc_separator type=&#8221;small&#8221; position=&#8221;center&#8221; color=&#8221;#684734&#8243; thickness=&#8221;1,5&#8243; width=&#8221;20&#8243;][vc_empty_space][\/vc_column][\/vc_row][vc_row css_animation=&#8221;&#8221; row_type=&#8221;row&#8221; use_row_as_full_screen_section=&#8221;no&#8221; type=&#8221;full_width&#8221; angled_section=&#8221;no&#8221; text_align=&#8221;left&#8221; background_image_as_pattern=&#8221;without_pattern&#8221;][vc_column][qode_elements_holder background_color=&#8221;#cab085&#8243; number_of_columns=&#8221;three_columns&#8221;][qode_elements_holder_item advanced_animations=&#8221;no&#8221; background_color=&#8221;#cab085&#8243; item_padding=&#8221;40px 40px 40px 40px&#8221;][vc_column_text]<\/p>\n<div class=\"wpb_text_column wpb_content_element vc_custom_1620747173353\">\n<div class=\"wpb_wrapper\">\n<h5 style=\"text-align: center;\"><strong><span style=\"color: #684734;\">EQUIP PROFESSIONAL<\/span><\/strong><\/h5>\n<\/div>\n<\/div>\n<div class=\"vc_empty_space\" style=\"text-align: center;\"><\/div>\n<p>[\/vc_column_text][vc_separator type=&#8221;small&#8221; position=&#8221;center&#8221; width_in_percentages=&#8221;yes&#8221; color=&#8221;#684734&#8243; thickness=&#8221;1,5&#8243; width=&#8221;20&#8243;][vc_column_text]<\/p>\n<div class=\"wpb_text_column wpb_content_element vc_custom_1620747173353\">\n<div class=\"wpb_wrapper\">\n<h4 style=\"text-align: center;\"><strong><span style=\"color: #684734;\">El nostre equip de la Resid\u00e8ncia Mare de D\u00e9u de Montserrat est\u00e0 format\u00a0per aquests professionals:<\/span><\/strong><\/h4>\n<\/div>\n<\/div>\n<div class=\"vc_empty_space\" style=\"text-align: center;\"><\/div>\n<p>[\/vc_column_text][\/qode_elements_holder_item][qode_elements_holder_item advanced_animations=&#8221;no&#8221; background_color=&#8221;#b5e3ce&#8221; item_padding=&#8221;40px 40px 40px 40px&#8221;][vc_column_text]<\/p>\n<h4 class=\"has-text-align-left\" style=\"text-align: center;\"><span style=\"color: #684734;\"><strong>DIRECTORA<\/strong><\/span><\/h4>\n<p>&nbsp;<\/p>\n<h4 class=\"has-text-align-left\" style=\"text-align: center;\"><span style=\"color: #684734;\"><strong>\u00a0METGE<\/strong><\/span><\/h4>\n<p>&nbsp;<\/p>\n<h4 class=\"has-text-align-left\" style=\"text-align: center;\"><span style=\"color: #684734;\"><strong>\u00a0INFERMERA<\/strong><\/span><\/h4>\n<p>&nbsp;<\/p>\n<h4 class=\"has-text-align-left\" style=\"text-align: center;\"><span style=\"color: #684734;\"><strong>TERAPEUTA OCUPACIONAL<\/strong><\/span><\/h4>\n<p>&nbsp;<\/p>\n<h4 class=\"has-text-align-left\" style=\"text-align: center;\"><span style=\"color: #684734;\"><strong>TREBALLADORA SOCIAL<\/strong><\/span><\/h4>\n<p>[\/vc_column_text][\/qode_elements_holder_item][qode_elements_holder_item advanced_animations=&#8221;no&#8221; background_color=&#8221;#cab085&#8243; item_padding=&#8221;40px 40px 40px 40px&#8221;][vc_column_text]<\/p>\n<h4 class=\"has-text-align-left\" style=\"text-align: center;\"><span style=\"color: #684734;\"><strong>EDUCADORA SOCIAL<\/strong><\/span><\/h4>\n<p>&nbsp;<\/p>\n<h4 class=\"has-text-align-left\" style=\"text-align: center;\"><span style=\"color: #684734;\"><strong>PERSONAL AUXILIAR SOCIOSANITARI<\/strong><\/span><\/h4>\n<p>&nbsp;<\/p>\n<h4><\/h4>\n<h4 class=\"has-text-align-left\" style=\"text-align: center;\"><span style=\"color: #684734;\"><strong>AUXILIAR DE MANTENIMENT<\/strong><\/span><\/h4>\n<p>&nbsp;<\/p>\n<h4 class=\"has-text-align-left\" style=\"text-align: center;\"><span style=\"color: #684734;\"><strong>PERSONAL DE NETEJA<\/strong><\/span><\/h4>\n<p>&nbsp;<\/p>\n<h4 class=\"has-text-align-left\" style=\"text-align: center;\"><span style=\"color: #684734;\"><strong>PERSONAL DE CUINA<\/strong><\/span><\/h4>\n<p>[\/vc_column_text][\/qode_elements_holder_item][\/qode_elements_holder][\/vc_column][\/vc_row][vc_row css_animation=&#8221;&#8221; row_type=&#8221;row&#8221; use_row_as_full_screen_section=&#8221;no&#8221; type=&#8221;grid&#8221; angled_section=&#8221;no&#8221; text_align=&#8221;left&#8221; background_image_as_pattern=&#8221;without_pattern&#8221; z_index=&#8221;&#8221;][vc_column][vc_empty_space height=&#8221;60px&#8221;][vc_column_text]<\/p>\n<h6 class=\"has-text-align-center destacado\" style=\"text-align: center;\"><em><span style=\"color: #684734;\">&#8220;No podem fer una altra cosa\u00a0diferent\u00a0del que portem fent\u00a0<span class=\"hiddenGreenError\">30<\/span> anys, tenir cura dels nostres avis&#8221;<\/span><\/em><\/h6>\n<p>[\/vc_column_text][vc_empty_space height=&#8221;60px&#8221;][\/vc_column][\/vc_row]<\/p>\n<\/div>","protected":false},"excerpt":{"rendered":"<p>[vc_row css_animation=&#8221;element_from_bottom&#8221; row_type=&#8221;row&#8221; use_row_as_full_screen_section=&#8221;no&#8221; type=&#8221;grid&#8221; angled_section=&#8221;no&#8221; text_align=&#8221;left&#8221; background_image_as_pattern=&#8221;without_pattern&#8221; z_index=&#8221;&#8221;][vc_column][vc_empty_space height=&#8221;60&#8243;][vc_column_text] Qui som [\/vc_column_text][vc_separator type=&#8221;small&#8221; position=&#8221;center&#8221; color=&#8221;#684734&#8243; thickness=&#8221;1,5&#8243; width=&#8221;20&#8243;][\/vc_column][\/vc_row][vc_row css_animation=&#8221;&#8221; row_type=&#8221;row&#8221; use_row_as_full_screen_section=&#8221;no&#8221; type=&#8221;full_width&#8221; angled_section=&#8221;no&#8221; text_align=&#8221;left&#8221; background_image_as_pattern=&#8221;without_pattern&#8221; z_index=&#8221;&#8221;][vc_column][vc_empty_space height=&#8221;60px&#8221;][vc_column_text css=&#8221;.vc_custom_1641392296640{margin-right: 80px !important;margin-left: 80px !important;}&#8221;] No saps quina resid\u00e8ncia escollir a Barcelona? Et guiarem perqu\u00e8 puguis\u00a0 prendre la&#8230;<\/p>\n","protected":false},"author":2,"featured_media":0,"parent":0,"menu_order":0,"comment_status":"closed","ping_status":"closed","template":"full_width.php","meta":{"footnotes":""},"yst_prominent_words":[],"class_list":["post-941","page","type-page","status-publish","hentry"],"_links":{"self":[{"href":"https:\/\/mddmontserrat.com\/ca\/wp-json\/wp\/v2\/pages\/941","targetHints":{"allow":["GET"]}}],"collection":[{"href":"https:\/\/mddmontserrat.com\/ca\/wp-json\/wp\/v2\/pages"}],"about":[{"href":"https:\/\/mddmontserrat.com\/ca\/wp-json\/wp\/v2\/types\/page"}],"author":[{"embeddable":true,"href":"https:\/\/mddmontserrat.com\/ca\/wp-json\/wp\/v2\/users\/2"}],"replies":[{"embeddable":true,"href":"https:\/\/mddmontserrat.com\/ca\/wp-json\/wp\/v2\/comments?post=941"}],"version-history":[{"count":19,"href":"https:\/\/mddmontserrat.com\/ca\/wp-json\/wp\/v2\/pages\/941\/revisions"}],"predecessor-version":[{"id":1631,"href":"https:\/\/mddmontserrat.com\/ca\/wp-json\/wp\/v2\/pages\/941\/revisions\/1631"}],"wp:attachment":[{"href":"https:\/\/mddmontserrat.com\/ca\/wp-json\/wp\/v2\/media?parent=941"}],"wp:term":[{"taxonomy":"yst_prominent_words","embeddable":true,"href":"https:\/\/mddmontserrat.com\/ca\/wp-json\/wp\/v2\/yst_prominent_words?post=941"}],"curies":[{"name":"wp","href":"https:\/\/api.w.org\/{rel}","templated":true}]}}

<div class="wpb-content-wrapper"><p>[vc_row css_animation=&#8221;element_from_bottom&#8221; row_type=&#8221;row&#8221; use_row_as_full_screen_section=&#8221;no&#8221; type=&#8221;grid&#8221; angled_section=&#8221;no&#8221; text_align=&#8221;left&#8221; background_image_as_pattern=&#8221;without_pattern&#8221; z_index=&#8221;&#8221;][vc_column][vc_empty_space height=&#8221;60&#8243;][vc_column_text]</p>
<h1 style="text-align: center;"><span style="color: #684734;"><strong>Qui som</strong></span></h1>
<p>[/vc_column_text][vc_separator type=&#8221;small&#8221; position=&#8221;center&#8221; color=&#8221;#684734&#8243; thickness=&#8221;1,5&#8243; width=&#8221;20&#8243;][/vc_column][/vc_row][vc_row css_animation=&#8221;&#8221; row_type=&#8221;row&#8221; use_row_as_full_screen_section=&#8221;no&#8221; type=&#8221;full_width&#8221; angled_section=&#8221;no&#8221; text_align=&#8221;left&#8221; background_image_as_pattern=&#8221;without_pattern&#8221; z_index=&#8221;&#8221;][vc_column][vc_empty_space height=&#8221;60px&#8221;][vc_column_text css=&#8221;.vc_custom_1641392296640{margin-right: 80px !important;margin-left: 80px !important;}&#8221;]</p>
<p style="text-align: center;"><strong><span style="color: #684734;">No saps quina residència escollir a Barcelona?</span></strong> Et guiarem perquè puguis  prendre la decisió adequada. Nosaltres t&#8217;ajudarem a fer que el teu familiar tingui les millors cures i les millors atencions mèdiques possibles. A la  <strong><span style="color: #684734;">Residència Mare de Déu de Montserrat</span></strong> trobaràs el suport que realment necessites.</p>
<p>&nbsp;</p>
<p>Podràs tenir la tranquil·litat que el teu familiar està a les millors mans possibles, ja que més de <span class="hiddenGreenError">30</span> anys dedicats a cuidar persones ens avalen. Durant tot aquest temps, ens hem convertit en veritables referents quant a l&#8217;<span class="hiddenSpellError">ACP</span> de veritat (Atenció Centrada a la Persona). Per descomptat, el nostre objectiu és arribar allà on la dependència ho posa difícil. A més, la nostra mida juga a favor de la salut del teu familiar, ja que, com s&#8217;ha pogut demostrar a Barcelona, ​​una residència més reduïda i familiar permet un major control i atenció personalitzada per a la persona que ha de rebre la cura necessària.</p>
<p>&nbsp;</p>
<p>Evidentment, la cura dels nostres usuaris ha de ser una tasca global, que inclogui també els seus familiars i la seva economia. Per això, posem a la teva disposició un ampli ventall de possibilitats de finançament de la plaça.</p>
<p>&nbsp;</p>
<p><strong><span style="color: #684734;">Fa <span class="hiddenGreenError">30</span> anys que portem a terme l&#8217;<span class="hiddenSpellError">ACP</span> (Atenció Centrada a la Persona) amb tots els nostres usuaris i els seus familiars. La vostra salut i satisfacció és la nostra raó de ser.</span></strong>[/vc_column_text][vc_empty_space height=&#8221;60px&#8221;][/vc_column][/vc_row][vc_row css_animation=&#8221;element_from_bottom&#8221; row_type=&#8221;row&#8221; use_row_as_full_screen_section=&#8221;no&#8221; type=&#8221;full_width&#8221; angled_section=&#8221;no&#8221; text_align=&#8221;left&#8221; background_image_as_pattern=&#8221;without_pattern&#8221; z_index=&#8221;&#8221;][vc_column][vc_column_text css=&#8221;.vc_custom_1641383208673{margin-right: 80px !important;margin-left: 80px !important;}&#8221;]</p>
<h2 style="text-align: center;"><span style="color: #684734;">El nostre equip</span></h2>
<p>[/vc_column_text][vc_separator type=&#8221;small&#8221; position=&#8221;center&#8221; color=&#8221;#684734&#8243; thickness=&#8221;1,5&#8243; width=&#8221;20&#8243;][vc_empty_space][/vc_column][/vc_row][vc_row css_animation=&#8221;&#8221; row_type=&#8221;row&#8221; use_row_as_full_screen_section=&#8221;no&#8221; type=&#8221;full_width&#8221; angled_section=&#8221;no&#8221; text_align=&#8221;left&#8221; background_image_as_pattern=&#8221;without_pattern&#8221;][vc_column][qode_elements_holder background_color=&#8221;#cab085&#8243; number_of_columns=&#8221;three_columns&#8221;][qode_elements_holder_item advanced_animations=&#8221;no&#8221; background_color=&#8221;#cab085&#8243; item_padding=&#8221;40px 40px 40px 40px&#8221;][vc_column_text]</p>
<div class="wpb_text_column wpb_content_element vc_custom_1620747173353">
<div class="wpb_wrapper">
<h5 style="text-align: center;"><strong><span style="color: #684734;">EQUIP PROFESSIONAL</span></strong></h5>
</div>
</div>
<div class="vc_empty_space" style="text-align: center;"></div>
<p>[/vc_column_text][vc_separator type=&#8221;small&#8221; position=&#8221;center&#8221; width_in_percentages=&#8221;yes&#8221; color=&#8221;#684734&#8243; thickness=&#8221;1,5&#8243; width=&#8221;20&#8243;][vc_column_text]</p>
<div class="wpb_text_column wpb_content_element vc_custom_1620747173353">
<div class="wpb_wrapper">
<h4 style="text-align: center;"><strong><span style="color: #684734;">El nostre equip de la Residència Mare de Déu de Montserrat està format per aquests professionals:</span></strong></h4>
</div>
</div>
<div class="vc_empty_space" style="text-align: center;"></div>
<p>[/vc_column_text][/qode_elements_holder_item][qode_elements_holder_item advanced_animations=&#8221;no&#8221; background_color=&#8221;#b5e3ce&#8221; item_padding=&#8221;40px 40px 40px 40px&#8221;][vc_column_text]</p>
<h4 class="has-text-align-left" style="text-align: center;"><span style="color: #684734;"><strong>DIRECTORA</strong></span></h4>
<p>&nbsp;</p>
<h4 class="has-text-align-left" style="text-align: center;"><span style="color: #684734;"><strong> METGE</strong></span></h4>
<p>&nbsp;</p>
<h4 class="has-text-align-left" style="text-align: center;"><span style="color: #684734;"><strong> INFERMERA</strong></span></h4>
<p>&nbsp;</p>
<h4 class="has-text-align-left" style="text-align: center;"><span style="color: #684734;"><strong>TERAPEUTA OCUPACIONAL</strong></span></h4>
<p>&nbsp;</p>
<h4 class="has-text-align-left" style="text-align: center;"><span style="color: #684734;"><strong>TREBALLADORA SOCIAL</strong></span></h4>
<p>[/vc_column_text][/qode_elements_holder_item][qode_elements_holder_item advanced_animations=&#8221;no&#8221; background_color=&#8221;#cab085&#8243; item_padding=&#8221;40px 40px 40px 40px&#8221;][vc_column_text]</p>
<h4 class="has-text-align-left" style="text-align: center;"><span style="color: #684734;"><strong>EDUCADORA SOCIAL</strong></span></h4>
<p>&nbsp;</p>
<h4 class="has-text-align-left" style="text-align: center;"><span style="color: #684734;"><strong>PERSONAL AUXILIAR SOCIOSANITARI</strong></span></h4>
<p>&nbsp;</p>
<h4></h4>
<h4 class="has-text-align-left" style="text-align: center;"><span style="color: #684734;"><strong>AUXILIAR DE MANTENIMENT</strong></span></h4>
<p>&nbsp;</p>
<h4 class="has-text-align-left" style="text-align: center;"><span style="color: #684734;"><strong>PERSONAL DE NETEJA</strong></span></h4>
<p>&nbsp;</p>
<h4 class="has-text-align-left" style="text-align: center;"><span style="color: #684734;"><strong>PERSONAL DE CUINA</strong></span></h4>
<p>[/vc_column_text][/qode_elements_holder_item][/qode_elements_holder][/vc_column][/vc_row][vc_row css_animation=&#8221;&#8221; row_type=&#8221;row&#8221; use_row_as_full_screen_section=&#8221;no&#8221; type=&#8221;grid&#8221; angled_section=&#8221;no&#8221; text_align=&#8221;left&#8221; background_image_as_pattern=&#8221;without_pattern&#8221; z_index=&#8221;&#8221;][vc_column][vc_empty_space height=&#8221;60px&#8221;][vc_column_text]</p>
<h6 class="has-text-align-center destacado" style="text-align: center;"><em><span style="color: #684734;">&#8220;No podem fer una altra cosa diferent del que portem fent <span class="hiddenGreenError">30</span> anys, tenir cura dels nostres avis&#8221;</span></em></h6>
<p>[/vc_column_text][vc_empty_space height=&#8221;60px&#8221;][/vc_column][/vc_row]</p>
</div>

<p>[vc_row css_animation=&#8221;element_from_bottom&#8221; row_type=&#8221;row&#8221; use_row_as_full_screen_section=&#8221;no&#8221; type=&#8221;grid&#8221; angled_section=&#8221;no&#8221; text_align=&#8221;left&#8221; background_image_as_pattern=&#8221;without_pattern&#8221; z_index=&#8221;&#8221;][vc_column][vc_empty_space height=&#8221;60&#8243;][vc_column_text] Qui som [/vc_column_text][vc_separator type=&#8221;small&#8221; position=&#8221;center&#8221; color=&#8221;#684734&#8243; thickness=&#8221;1,5&#8243; width=&#8221;20&#8243;][/vc_column][/vc_row][vc_row css_animation=&#8221;&#8221; row_type=&#8221;row&#8221; use_row_as_full_screen_section=&#8221;no&#8221; type=&#8221;full_width&#8221; angled_section=&#8221;no&#8221; text_align=&#8221;left&#8221; background_image_as_pattern=&#8221;without_pattern&#8221; z_index=&#8221;&#8221;][vc_column][vc_empty_space height=&#8221;60px&#8221;][vc_column_text css=&#8221;.vc_custom_1641392296640{margin-right: 80px !important;margin-left: 80px !important;}&#8221;] No saps quina residència escollir a Barcelona? Et guiarem perquè puguis  prendre la&#8230;</p>
